 by 57.
56
Let j(o) = o - 14. Let t be j(10). Let h be -2 + t/(-2) - 102. Let l = h + 171. What is the remainder when l is divided by 24?
21
Let o = -42 + 79. Calculate the remainder when 144 is divided by o.
33
Suppose -l - 27 = -4*c - 1, -3*l = -5*c + 36. Let w(n) = -2*n**2 + 12*n + 4. What is the remainder when 11 is divided by w(c)?
3
Suppose 3*i - 78 = 3*d, -13 - 28 = -i - 2*d. Let o(f) = -14*f + 6. Calculate the remainder when o(-6) is divided by i.
28
Let a = -45 - 18. Let t = a + 82. What is the remainder when t is divided by 7?
5
Let f be (-12)/5*(-1800)/54. Suppose -14*k = -9*k - f. Calculate the remainder when 61 is divided by k.
13
Suppose -18*z - 12*z = 26*z - 1624. Calculate the remainder when 59 - (2 + 0) - 0 is divided by z.
28
Let r be 1 + -79 - -3 - 1. Let j = -62 - r. Calculate the remainder when j is divided by 4 + -6 + 2 + 4.
2
Calculate the remainder when 129 is divided by 480/7 + (-39)/(-91).
60
Suppose -329*t + 624 = -325*t. Calculate the remainder when t is divided by 20.
16
Suppose -2 = 17*l - 18*l. What is the remainder when 94 is divided by l*((-45)/(-10) - -5)?
18
Let h = 33 - 42. Let f(o) = -6*o + 4. Calculate the remainder when f(h) is divided by 15.
13
Let r(t) = -t**2 - 34*t - 81. What is the remainder when r(-30) is divided by 39?
0
Suppose 11 + 2 = s. Let q(w) = w**3 - 7*w**2 + 6*w - 5. Let y(b) = -b**2 - 11*b - 11. Let r be y(-9). What is the remainder when q(r) is divided by s?
11
Suppose 183 + 141 = 9*k. Suppose 0 = -m + k - 15. What is the remainder when m is divided by 8?
5
Let w = 9 + -7. Suppose -27 = -4*t + 41. What is the remainder when t is divided by w/(-6)*(-10 + -2 - 3)?
2
Let d = 16 + -12. Suppose 0 = d*o - 80 + 32. Let p = -1 + o. Calculate the remainder when 19 is divided by p.
8
Let v = 55 + -49. Calculate the remainder when 79 is divided by 17 - v*(-3)/6.
19
Suppose 5*n - 18 - 12 = 0. Suppose 157 = 4*c - 3*b, -3*b = 5*c + 119 - 322. Calculate the remainder when c is divided by n.
4
Let w(f) = 16*f + 9. Let m(a) = -3*a - 2. Let o(x) = -11*m(x) - 2*w(x). Suppose -2*l + l + 6 = 0. What is the remainder when 19 is divided by o(l)?
9
Suppose -x + 614 = o, -320 = -x + 2*o + 297. Suppose x = 2*j + 3*j. Calculate the remainder when j is divided by 25.
23
Let y be 1/(-2)*2*1. Let h(p) = 2*p + 19. Calculate the remainder when h(16) is divided by 1/y*(-3 + -10).
12
Let a = -424 - -453. What is the remainder when 202 is divided by a?
28
Let r(j) = -j**2 - 13*j - 29. Calculate the remainder when 482 is divided by r(-4).
6
Suppose 0 = -4*d - 5*s + 7, 2 - 1 = -s. Let a be -39*(-1 - (0 - 0)). Let r = -31 + a. What is the remainder when r is divided by d?
2
Suppose -23 + 49 = 2*p. Suppose -3*c + 58 - 17 = 4*x, -2*c = -x + p. Calculate the remainder when 43 is divided by x.
10
Suppose 127*m - 44 = 116*m. Let t(r) = -765*r**2 - 2*r - 1. Let s be t(-3). What is the remainder when s/(-88) + m/(-22) is divided by 27?
24
Suppose 5*z - 13 - 7 = 0. Suppose 8*n - 16 = z*n. Suppose -t = j + n - 10, j = 4*t + 31. What is the remainder when j is divided by 6?
5
Suppose -224 = -94*v + 86*v. What is the remainder when 89 is divided by v?
5
Suppose 3*o - 5*w - 526 = 0, 520 = 7*o - 4*o - 2*w. What is the remainder when o is divided by 45?
37
Suppose 2*h - 5*p = -4*p + 6, -3*h = 4*p - 9. Suppose -94 - 134 = -h*y. Let n = -8 - -34. Calculate the remainder when y is divided by n.
24
Let z(t) = -108*t - 275. What is the remainder when z(-3) is divided by 21?
7
Let f(i) = i**3 + 2*i**2 + 3*i + 72. Calculate the remainder when 355 is divided by f(0).
67
Suppose 0 = -4*n + 5*x + 10 + 27, -2*n + 5*x = -31. What is the remainder when 12 is divided by 20/n + 15/45?
5
Let t = -421 - -451. Let k = 44 + 14. Calculate the remainder when k is divided by t.
28
Suppose 2*h - 34 - 28 = 0. Let u = h + -13. Calculate the remainder when 3655/(-430)*3*-2 is divided by u.
15
Let p be (-2)/(-4) - 18/(-12). Suppose 3*i - 76 = p*i. Suppose 20 = -5*g, -4*t - 2*g + i = -5*g. What is the remainder when t is divided by 10?
6
Let h = -88 + 94. What is the remainder when 100 is divided by h?
4
Let f(w) = 21*w**2 + 1. Let g be f(-1). Let t = g + -8. What is the remainder when 0 + 26 - (-5 + 4) is divided by t?
13
Suppose 0 = 9*q - 13*q + 660. Suppose 5*y + 70 = q. Calculate the remainder when -1*(108/(-1))/2 is divided by y.
16
Suppose 0 = 2*o - 0 - 6. Suppose 2*h = -o*h + 45. Let u(d) = -4*d - 32. Calculate the remainder when u(-14) is divided by h.
6
Let q(y) = 2*y**3 + 58*y**2 - 4*y - 77. Calculate the remainder when 895 is divided by q(-29).
37
Let z(w) = -w - 8. Let v(q) = 1. Let p(s) = -4*v(s) - z(s). Let m be p(4). Suppose 4*k + 52 = m*k. Calculate the remainder when k is divided by 6.
1
Let z = 51 - 26. Let m be (-4)/10 + 260/z. Suppose 10 = m*p - 9*p. What is the remainder when p is divided by 4?
2
Let g = -84 + 89. Suppose -9*x = -11*x + 20. What is the remainder when x is divided by g?
0
Let x(h) = h**3 - 23*h**2 + h + 28. What is the remainder when x(23) is divided by 9?
6
Let a(w) be the third derivative of w**5/20 + w**4/12 - w**3/6 - 2*w**2. Calculate the remainder when a(-4) is divided by (6 + -46)*2/(-4).
19
Let y = 37 - 25. Let d = 195 - 78. Suppose -4*g + d = -19. Calculate the remainder when g is divided by y.
10
Let n(p) = -55*p - 296. Calculate the remainder when n(-7) is divided by 17.
4
Suppose 4*y + 21*y = -11*y + 1512. Let n(p) = -10*p + 1. What is the remainder when y is divided by n(-1)?
9
Let z(x) = x**2 - 11*x - 27. Let n be z(14). What is the remainder when 122 + (48/n - (-3)/(-15)) is divided by 32?
29
What is the remainder when 446 is divided by -8 - -93 - 3/((-9)/15)?
86
Let t(n) = 2*n**2 + 5*n - 236. Let c(u) = -u**3 + 9*u**2 - 7*u + 1. Calculate the remainder when t(10) is divided by c(8).
5
Let d(x) = -x + 14. Suppose 3*v + 20 - 2 = -i, -3*v + 4*i - 18 = 0. Let h = v + 0. Calculate the remainder when d(h) is divided by 11.
9
Suppose 3*g + 3*q = -0*g + 60, -4*g + 74 = 2*q. Let l = g - 12. Suppose s - x + 2 = l, 0 = 5*x. Calculate the remainder when 4 is divided by s.
1
Suppose 0 = t - 2*w - 211, -t + 3*w + 214 = 4*w. What is the remainder when t is divided by 31?
27
Let g = 669 + -603. What is the remainder when 251 is divided by g?
53
Let r = -4439 + 4447. Suppose -8 + 77 = 3*c. Calculate the remainder when c is divided by r.
7
Let p(h) = -h**2 - 16*h + 46. Let g be p(6). Let z = g - -121. What is the remainder when 88 is divided by z?
18
Suppose 0 = -7*w + 8*w - 2. Suppose -w*c + 3*x = -c - 22, 0 = c - x - 32. What is the remainder when c is divided by 10?
7
Let l(c) = c**2 + 21*c + 27. Let y be l(-19). Let r = 61 - y. Calculate the remainder when r is divided by 15.
12
Let h = 1694 - 1540. Calculate the remainder when 476 is divided by h.
14
Let m(z) = -20*z + 378. Suppose 0 = 2*j - 3*g + 4*g - 39, -4*j = 5*g - 75. What is the remainder when m(14) is divided by j?
18
Let y be ((-1 - 5)/(-12))/(1/6). Suppose -y*w - 5*b = -34, 5*w + 2*b = -b + 30. Calculate the remainder when 5 is divided by w.
2
Suppose 5*o + 713 = 6*o. What is the remainder when o is divided by 55?
53
Let j(t) = t**3 + 8*t**2 - 5*t + 1. Suppose 3*r - 3*x = -0*r + 60, 2*x - 5 = -r. Let h = 37 - r. Calculate the remainder when j(-4) is divided by h.
19
Let d be (6/(-15))/(3/120). Let l be -5*(d/(-20))/(-2). Suppose t + 1 - l = 0. Calculate the remainder when 2 is divided by t.
0
Suppose 4*w - 9 = w. Let y = -32 + 236. Suppose -y = -3*b - w*s, -3*b = -s - 4*s - 196. What is the remainder when b is divided by 23?
21
Calculate the remainder when 639 is divided by (-15)/(-20) + 798/24.
27
Let k = -8 - -12. Suppose k*q = 19 + 33. What is the remainder when 62 is divided by q?
10
Suppose -3*p + 4 = -o, 0 = 3*p + p. Let k be (-1)/(1/o) - 1. Suppose -5*t + 32 = k*l - 0*t, t + 8 = l. Calculate the remainder when 34 is divided by l.
7
Calculate the remainder when (-5)/2*1344/(-70) is divided by 31.
17
Suppose -2*d = -0*d + 8. What is the remainder when 27 is divided by 13 - (6 - (-1 - d))?
7
Let z = 84 - -5. Let y(g) = -5*g**3 - 4*g + 3. Let k be y(-3). Suppose 0 = 7*i + 3*i - k. What is the remainder when z is divided by i?
14
Let n(w) = -4*w + 5*w**2 + 0*w + 2*w - 5*w + 12. Calculate the remainder when n(2) is divided by 5.
3
Suppose q = 15 + 15. Let h(r) 